?
False
Suppose 0 = z + 5*z - 60. Is (-2566)/(-10) + 4/z composite?
False
Let z(i) = -70*i**3 + 7*i**2 + 20*i + 49. Is z(-4) composite?
False
Suppose 3*n - 4*n = 0. Suppose n = -0*d + d - 431. Is d prime?
True
Let n = -520 + 1602. Is (15 + -16)/((-2)/n) composite?
False
Let z = 807 - 476. Is z a composite number?
False
Suppose 2*y = -4, -5*p = -2*y + 4 + 12. Let d = p + 6. Suppose d*k - 4 = 0, 709 + 179 = 4*o + 2*k. Is o composite?
True
Suppose -10*r - 5 = -5*r. Let t be r/((-3)/4494) - -1. Suppose 0 = j + 5*n - 309, j + 2*n - t = -4*j. Is j a prime number?
False
Suppose 0 = a + 3*x + 6, 16 = a - 4*x + 1. Let b = 903 + -596. Suppose -2*q - b = a*t - 4062, -5*q - 2535 = -2*t. Is t prime?
False
Let u = -131325 + 316474. Is u prime?
True
Let f be (-1)/(7/(-6) + (-4)/(-6)). Suppose -984 = -2*l - f*u, l = u - 5*u + 501. Is l composite?
True
Let x = 10722 - -1247. Is x a composite number?
False
Suppose -10*m = 216882 - 732272. Is m a prime number?
True
Let n(s) = -4*s - 35. Let z = 107 - 119. Is n(z) a composite number?
False
Suppose -3*w + 3 = -3*p, 2*w + 1 = 3*p - 0. Suppose 315 = p*r + r + a, 5*r = -3*a + 392. Is r composite?
False
Suppose 39 = 2*n - 31. Suppose 0 = -c + 3 + n. Suppose -2*y = -4*y + c. Is y prime?
True
Let t(y) = -y**3 - y**2 + 2*y - 3. Let m be t(-4). Let o be (0 + 12)*m/(-1). Is 2/(-4) + o/(-8) a prime number?
False
Suppose 2*i = 14 + 2. Suppose 5*r - 3*o = 8106, -3*r + i*r + 4*o = 8127. Is r a composite number?
True
Let u = -2 + 5. Let c(r) = u*r + 6*r + 7 + 3. Is c(13) prime?
True
Suppose -2*d = -4*k + 6*k - 3126, -2*k - 7843 = -5*d. Is d composite?
False
Let v = -20216 - -38715. Is v a composite number?
True
Let g = 274 - 129. Let r = 420 + 175. Suppose -4*q = -g - r. Is q composite?
True
Let a(t) = t**3 + 5*t**2 + 3. Let z be a(-5). Suppose z*n - 4 = -1. Suppose -18 = -2*b + 4*k, b - 4 + n = 5*k. Is b prime?
True
Let p = 21 - 2. Let v = p - -7. Suppose 383 = y - 3*t, 2*y + t - 820 = -v. Is y prime?
False
Let b = -1034 + 1788. Suppose 3*a - 5*w - b = -111, 0 = a + 5*w - 241. Is a composite?
True
Let o = 41 + -43. Is o + 6 + (1 + -3 - -5) a composite number?
False
Let b = -12972 - -21785. Is b composite?
True
Is (-2 - -9)*((-6856)/(-14) - -2) prime?
False
Suppose 0*q = 5*q - 90. Let b = q - 14. Is b + -2 + 34 - 2 prime?
False
Let z(g) = g**3 - 2*g**2 + 12*g - 43. Is z(14) a prime number?
True
Let o = 6250 - -45317. Is o composite?
True
Suppose 2*i + 2*s - 38 = 6*i, 26 = -3*i + s. Let n(h) = -3*h**3 - 11*h**2 - 20*h + 5. Is n(i) prime?
False
Let a(x) = -x**2 + 10. Let d be a(-6). Let o = -43 - -63. Is (d/8)/((-5)/o) a prime number?
True
Let d(b) = -5*b**2 + 2*b - 2. Let v(s) = s**2 + s + 1. Let c(f) = d(f) + 4*v(f). Let r be c(6). Suppose 3*q = -r*q + 515. Is q composite?
False
Let u = -3113 + 5331. Is u prime?
False
Suppose 0*j + 4*j = 3*c + 14393, 5*j - c - 17983 = 0. Let a = j - 891. Is a a composite number?
True
Let v = 17488 + -9825. Is v a prime number?
False
Suppose 2*v - 4*v + 462 = 0. Let x = v - -382. Is x a prime number?
True
Let x(s) = s**3 - 2*s**2 - s - 2. Let v be x(3). Let y be v/(-26) + 396/39. Is 2053/7 + y/(-35) composite?
False
Is (10359/(-18))/(3/(-6)) a composite number?
False
Suppose 0 = -v - 2*x + 566, -4*x = -2*v - 3*x + 1107. Let l = v - 165. Is l composite?
True
Is (-2536)/(-4) - (-1 + -2 - -6) a prime number?
True
Suppose -3*x + 6*x = 9. Suppose 2*g - 648 = -2*p, -x*p = -7*p + g + 1271. Is p composite?
True
Let x = -408 + 233. Let f = 413 - 55. Let w = x + f. Is w prime?
False
Let v = -16452 - -45329. Is v a composite number?
True
Suppose -45*a + 38*a = -9401. Is a a prime number?
False
Let n(b) = 4*b - 20. Let y be n(6). Is 2224/y - (2 - (0 - 1)) a prime number?
False
Suppose -1184 = -3*u + 664. Let f = 283 + 1142. Let k = f - u. Is k a prime number?
True
Let p(h) = 4506*h**2 - 15*h - 1. Is p(-2) a prime number?
False
Suppose z = -140*d + 135*d + 6531, -d + 4 = 0. Is z prime?
False
Let v(p) = -p - 13. Let r be v(-16). Suppose 4*s - r*s = -9. Is (-12)/s - 236/(-12) prime?
False
Suppose -s - 4*s - 255 = 5*v, 106 = -2*v - s. Let n = v - -28. Is n/18 + (-770)/(-4) composite?
False
Suppose 15 + 5 = -4*p + 5*f, -16 = -p - 4*f. Suppose -k = -3*u - 0*u + 6851, p = -5*u - 3*k + 11437. Is u a composite number?
True
Suppose 2*j - 24165 = -3*z, -3*z - 3*j - 231 = -24393. Is z a prime number?
False
Let p(j) = -j + 7. Let y be p(4). Let s = 19 - 13. Suppose -a = y*w - 281, 4*a + s = 7*a. Is w a prime number?
False
Suppose -5*l + 55 = -4*n - 91, 2*l - 2*n - 58 = 0. Suppose -25*s = -l*s + 1185. Is s a composite number?
True
Let t(s) = s**3 + s**2 + 3*s - 6. Let r(x) = x**3 + 3*x - 5. Let a(d) = 5*r(d) - 6*t(d). Let w be a(-5). Suppose f + w = 128. Is f a prime number?
True
Is (-2)/(-2)*0 - -11263 composite?
True
Let b = 3703 - 730. Let a = -1886 + b. Is a composite?
False
Suppose 461 = -2*n + y, -2*n + 5*y - 399 = 66. Suppose 0 = -2*i + 693 + 21. Let f = n + i. Is f a composite number?
False
Suppose -2*r + 60 = 3*r. Suppose -9752 = r*z - 20*z. Is z composite?
True
Let i = 19 + -25. Let r(l) = -l**3 - 5*l**2 + 5*l - 3. Let w be r(i). Is 12/w - 1 - -163 composite?
True
Let o(k) = 31*k - 2. Let a(w) = -w + 1. Let f(t) = 2*a(t) + 2*o(t). Is f(5) a composite number?
True
Let p be 1 + -1 + (0 - 1). Suppose -2*a + 30 = x, 0 = 9*a - 10*a - 4*x + 8. Is p + (a/4 - -464) a prime number?
True
Suppose 0 = 5*i - 4 - 21. Suppose 2*y + y = 3*d + 3, -y - 7 = -i*d. Suppose z + 6 = 3, d*r = -3*z + 29. Is r composite?
False
Is 8/(-14) + 9823/77 a prime number?
True
Suppose 0 = -w - 5760 + 49919. Is w a composite number?
False
Let a = -916 - -611. Let t = a + 515. Suppose t = o - 169. Is o a composite number?
False
Suppose 0 = -b - 3*b + p + 41167, 30879 = 3*b - 2*p. Is b a composite number?
True
Suppose 18 = 2*b - 6. Let v(o) = -57*o**2 + 4*o - 3. Let f(z) = -z**2 + z - 1. Let j(r) = b*f(r) - 3*v(r). Is j(2) composite?
True
Suppose 5*o + 10 = 0, -966 = -2*y + o + o. Let x = -236 + y. Suppose -5*z - 5*a = -x, 3*a - 98 = -2*z + 4*a. Is z a composite number?
True
Let f(x) = -8909*x - 22. Is f(-1) a composite number?
False
Is (2/6)/(4/7572) a composite number?
False
Suppose 5*g - 4*g - 4*w - 24 = 0, 0 = -5*g - w + 57. Suppose -5*q = -q + g. Is q/(6/(-4)) - -181 a prime number?
False
Suppose 4*p = 2*p - 3*v + 14, -p - 5*v = -14. Let x = -18 - -27. Suppose -p*f - 275 = -x*f. Is f composite?
True
Let r = 49 + 424. Is -5*3/(-15)*r a prime number?
False
Let h be 11/(-33)*(0 - (-12)/2). Let w(a) = 7*a**2 - 7*a + 7. Let b be w(5). Is (-6)/h - (1 - b) a prime number?
True
Suppose 0*h = -2*b - 4*h + 1266, b + 5*h - 630 = 0. Is b a prime number?
False
Let i(v) be the second derivative of 11*v**4/2 - 2*v**3 + v**2/2 + 12*v. Is i(4) a composite number?
False
Suppose 4*j + 6 = 26. Suppose -2*h + 4*t + 50 = 0, -h - 87 = -5*h - j*t. Let p = 272 - h. Is p composite?
True
Is 24/36*362412/8 prime?
False
Suppose -4*b - 5*y = -2*b - 1944, -5*b - 3*y + 4879 = 0. Is b a composite number?
False
Let b be ((-2)/5)/((-1)/(-35)). Is 4/b + (-2202)/(-14) a prime number?
True
Suppose 15798 = 83*p - 77*p. Is p a prime number?
True
Let h(d) = 21*d**3 - 4*d**2 - 5*d - 7. Let n be h(7). Suppose -5*t + q = -n, 5*t + 2*q - 6965 = -0*q. Is t a composite number?
True
Let m = 54427 + -36524. Is m a prime number?
True
Let l(o) = 969*o - 13. Let a(v) = -971*v + 13. Let q(h) = -6*a(h) - 5*l(h). Is q(2) prime?
True
Suppose -8*q + 3*q = -30. Suppose 0 = 7*v - 10*v + q. Suppose v*y - 4*f - 226 = 0, 0 = y - 3*f - 52 - 60. Is y prime?
False
Suppose 0 = 4*m + 6 + 6. Let f = m - -4. Is ((-304)/32)/(f/(-10)) prime?
False
Let b(i) be the first derivative of 1/4*i**4 + 11/3*i**3 + 3/2*i**2 - 8*i - 4. Is b(-9) composite?
False
Suppose -g = 3*g + 212. Let q = -177 + 289. Let h = q + g. Is h prime?
True
Suppose 0 = -3*r - 5*h - 51, 0*r + 3*r + 2*h = -42. Let x = r + 17. Suppose -5*t = 0, 2*t - 719 - 546 = -x*j. Is j a composite number?
True
Suppose -2*g - 83 = -3*k, -k - 3*k + 5*g = -113. Suppose -5*a + a = s - k, 5*s = 5*a + 60. Is s composite?
True
Let v = -3169 - -34542. Is v a composite number?
True
Let f(y) = -y**3 + 2*y**2 + 11*y + 11. Is f(-12) composite?
True
Let o(h) = 66*h**2 - 13. Suppose -4*m = -x + 8, -x - 5*m - 6 = -5. Is o(x) a composite number?
True
Suppose -11881 = -0*g